
2, 3, 1229
List the prime factors of 5071.
11, 461
List the prime factors of 34095.
3, 5, 2273
List the prime factors of 159.
3, 53
List the prime factors of 50.
2, 5
What are the prime factors of 945?
3, 5, 7
What are the prime factors of 46?
2, 23
List the prime factors of 355.
5, 71
What are the prime factors of 99488?
2, 3109
List the prime factors of 23106.
2, 3, 3851
What are the prime factors of 8333?
13, 641
What are the prime factors of 58?
2, 29
List the prime factors of 1076.
2, 269
List the prime factors of 3008.
2, 47
What are the prime factors of 64849?
64849
What are the prime factors of 9705?
3, 5, 647
What are the prime factors of 11659?
89, 131
What are the prime factors of 896?
2, 7
List the prime factors of 2651.
11, 241
List the prime factors of 3646.
2, 1823
What are the prime factors of 3678?
2, 3, 613
What are the prime factors of 1356?
2, 3, 113
List the prime factors of 353.
353
What are the prime factors of 8031?
3, 2677
List the prime factors of 794.
2, 397
List the prime factors of 8216.
2, 13, 79
What are the prime factors of 105971?
105971
List the prime factors of 14679.
3, 7, 233
What are the prime factors of 13593?
3, 23, 197
What are the prime factors of 75713?
11, 6883
List the prime factors of 83741.
7, 1709
What are the prime factors of 5578?
2, 2789
What are the prime factors of 43?
43
List the prime factors of 15480.
2, 3, 5, 43
List the prime factors of 146238.
2, 3, 24373
List the prime factors of 161.
7, 23
List the prime factors of 10597.
10597
List the prime factors of 6391.
7, 11, 83
What are the prime factors of 147388?
2, 36847
What are the prime factors of 891?
3, 11
What are the prime factors of 2012?
2, 503
What are the prime factors of 2482?
2, 17, 73
List the prime factors of 1109.
1109
List the prime factors of 170.
2, 5, 17
What are the prime factors of 48679?
48679
What are the prime factors of 28076?
2, 7019
What are the prime factors of 27373?
31, 883
What are the prime factors of 2651?
11, 241
List the prime factors of 144.
2, 3
What are the prime factors of 45657?
3, 19, 89
What are the prime factors of 13671?
3, 7, 31
What are the prime factors of 12445?
5, 19, 131
List the prime factors of 57453.
3, 11, 1741
List the prime factors of 16866.
2, 3, 937
List the prime factors of 2098.
2, 1049
List the prime factors of 1237.
1237
What are the prime factors of 27066?
2, 3, 13, 347
List the prime factors of 11853.
3, 439
What are the prime factors of 89207?
37, 2411
List the prime factors of 1490.
2, 5, 149
What are the prime factors of 303?
3, 101
List the prime factors of 2053.
2053
What are the prime factors of 1631?
7, 233
List the prime factors of 2091.
3, 17, 41
What are the prime factors of 4335?
3, 5, 17
What are the prime factors of 12?
2, 3
What are the prime factors of 61048?
2, 13, 587
What are the prime factors of 18272?
2, 571
List the prime factors of 653.
653
List the prime factors of 2817.
3, 313
What are the prime factors of 92896?
2, 2903
List the prime factors of 197.
197
List the prime factors of 3434.
2, 17, 101
List the prime factors of 74296.
2, 37, 251
What are the prime factors of 82416?
2, 3, 17, 101
List the prime factors of 66067.
66067
What are the prime factors of 10077?
3, 3359
List the prime factors of 1049.
1049
List the prime factors of 3917.
3917
List the prime factors of 13053.
3, 19, 229
What are the prime factors of 19843?
19843
List the prime factors of 12920.
2, 5, 17, 19
What are the prime factors of 25419?
3, 37, 229
What are the prime factors of 338?
2, 13
List the prime factors of 10227.
3, 7, 487
List the prime factors of 40485.
3, 5, 2699
What are the prime factors of 9255?
3, 5, 617
What are the prime factors of 21911?
21911
What are the prime factors of 37844?
2, 9461
What are the prime factors of 9968?
2, 7, 89
What are the prime factors of 5657?
5657
What are the prime factors of 4561?
4561
What are the prime factors of 34933?
181, 193
What are the prime factors of 378?
2, 3, 7
List the prime factors of 11923.
11923
What are the prime factors of 21459?
3, 23, 311
List the prime factors of 1021.
1021
List the prime factors of 1938.
2, 3, 17, 19
List the prime factors of 77332.
2, 19333
What are the prime factors of 97178?
2, 48589
List the prime factors of 324.
2, 3
What are the prime factors of 8124?
2, 3, 677
What are the prime factors of 68257?
7, 199
What are the prime factors of 75514?
2, 17, 2221
What are the prime factors of 868?
2, 7, 31
List the prime factors of 5383.
7, 769
List the prime factors of 3047.
11, 277
What are the prime factors of 17526?
2, 3, 23, 127
List the prime factors of 27113.
19, 1427
What are the prime factors of 1044?
2, 3, 29
List the prime factors of 4063.
17, 239
What are the prime factors of 109483?
11, 37, 269
What are the prime factors of 13141?
17, 773
What are the prime factors of 4515?
3, 5, 7, 43
What are the prime factors of 14352?
2, 3, 13, 23
What are the prime factors of 14917?
7, 2131
List the prime factors of 26461.
47, 563
List the prime factors of 1892.
2, 11, 43
What are the prime factors of 4787?
4787
What are the prime factors of 6653?
6653
What are the prime factors of 10339?
7, 211
List the prime factors of 11221.
7, 229
List the prime factors of 1240.
2, 5, 31
What are the prime factors of 1971?
3, 73
What are the prime factors of 214?
2, 107
What are the prime factors of 33574?
2, 16787
List the prime factors of 15025.
5, 601
List the prime factors of 932.
2, 233
List the prime factors of 199131.
3, 66377
List the prime factors of 4235.
5, 7, 11
List the prime factors of 1285.
5, 257
List the prime factors of 2847.
3, 13, 73
What are the prime factors of 52683?
3, 17, 1033
What are the prime factors of 6469?
6469
What are the prime factors of 7806?
2, 3, 1301
List the prime factors of 4754.
2, 2377
List the prime factors of 805.
5, 7, 23
List the prime factors of 21190.
2, 5, 13, 163
List the prime factors of 139849.
107, 1307
What are the prime factors of 28768?
2, 29, 31
List the prime factors of 57.
3, 19
What are the prime factors of 366?
2, 3, 61
What are the prime factors of 2097?
3, 233
List the prime factors of 65450.
2, 5, 7, 11, 17
List the prime factors of 28767.
3, 43, 223
What are the prime factors of 10344?
2, 3, 431
List the prime factors of 762.
2, 3, 127
What are the prime factors of 796?
2, 199
List the prime factors of 2842.
2, 7, 29
List the prime factors of 21212.
2, 5303
List the prime factors of 94063.
94063
List the prime factors of 293.
293
List the prime factors of 8610.
2, 3, 5, 7, 41
What are the prime factors of 19043?
137, 139
What are the prime factors of 21653?
59, 367
What are the prime factors of 5258?
2, 11, 239
What are the prime factors of 1450?
2, 5, 29
List the prime factors of 508.
2, 127
What are the prime factors of 799?
17, 47
What are the prime factors of 115392?
2, 3, 601
List the prime factors of 1680.
2, 3, 5, 7
What are the prime factors of 1257?
3, 419
What are the prime factors of 2183?
37, 59
What are the prime factors of 165097?
29, 5693
List the prime factors of 546.
2, 3, 7, 13
What are the prime factors of 16769?
41, 409
What are the prime factors of 1123?
1123
What are the prime factors of 62593?
53, 1181
List the prime factors of 68957.
7, 9851
What are the prime factors of 1651?
13, 127
List the prime factors of 101871.
3, 7, 11
What are the prime factors of 200?
2, 5
What are the prime factors of 1072?
2, 67
What are the prime factors of 30522?
2, 3, 5087
List the prime factors of 82796.
2, 7, 2957
List the prime factors of 10191.
3, 43, 79
What are the prime factors of 17465?
5, 7, 499
What are the prime factors of 1778?
2, 7, 127
What are the prime factors of 18709?
53, 353
What are the prime factors of 4191?
3, 11, 127
What are the prime factors of 2071?
19, 109
List the prime factors of 15258.
2, 3, 2543
List the prime factors of 92708.
2, 7, 11, 43
List the prime factors of 64020.
2, 3, 5, 11, 97
What are the prime factors of 28747?
17, 19, 89
List the prime factors of 1165.
5, 233
List the prime factors of 1652.
2, 7, 59
What are the prime factors of 8439?
3, 29, 97
List the prime factors of 4611.
3, 29, 53
List the prime factors of 5498.
2, 2749
What are the prime factors of 4960?
2, 5, 31
What are the prime fact